common factor of 54021186 and 6951.
993
Calculate the highest common factor of 16114272 and 916.
916
What is the highest common factor of 680 and 2034152?
136
What is the highest common factor of 642989712 and 5976?
1992
Calculate the greatest common factor of 10112 and 97015792.
1264
Calculate the greatest common divisor of 326178941 and 11.
11
Calculate the greatest common divisor of 38369 and 51911.
2257
Calculate the highest common divisor of 295200 and 23340.
60
What is the highest common divisor of 414840 and 6936?
24
Calculate the highest common divisor of 48393284 and 164.
164
Calculate the greatest common factor of 251300 and 24248.
28
Calculate the highest common divisor of 13207 and 2867705.
47
What is the highest common factor of 984810 and 670?
10
What is the greatest common divisor of 7255593 and 36?
9
Calculate the highest common factor of 140244 and 7161492.
4524
What is the highest common factor of 220453 and 2826257?
2477
What is the highest common divisor of 25100 and 2200100?
100
Calculate the highest common divisor of 1415596 and 299.
13
What is the greatest common divisor of 37862819 and 1732?
433
Calculate the greatest common divisor of 15 and 1569785.
5
Calculate the greatest common factor of 57568485 and 72150.
7215
What is the greatest common divisor of 139653 and 56817?
531
What is the greatest common divisor of 77963 and 23585?
53
Calculate the greatest common factor of 695898 and 26037.
2367
Calculate the highest common factor of 4704 and 33744.
48
Calculate the highest common factor of 142951 and 62755.
163
What is the highest common factor of 336141 and 8892?
117
What is the highest common factor of 316 and 8497596?
4
Calculate the greatest common divisor of 255333 and 68601.
39
What is the highest common factor of 376504 and 96064?
152
Calculate the highest common factor of 2084743 and 299.
23
Calculate the greatest common divisor of 141345 and 2645.
5
What is the highest common factor of 718917 and 46311?
129
Calculate the highest common factor of 749016 and 15656.
824
What is the greatest common factor of 2059776 and 19668?
1788
What is the greatest common divisor of 2068 and 316028?
188
Calculate the highest common divisor of 1445 and 582055.
5
What is the greatest common divisor of 725024 and 963548?
556
What is the highest common factor of 245 and 1463105?
35
Calculate the highest common factor of 196 and 17871364.
28
What is the highest common factor of 330 and 606990?
30
What is the greatest common factor of 950669733 and 51?
51
Calculate the highest common factor of 2128 and 10592918.
266
Calculate the highest common divisor of 534679 and 2230201.
2033
What is the highest common factor of 1026464 and 960?
32
Calculate the greatest common divisor of 1260 and 176741880.
420
What is the highest common factor of 332 and 1529939?
83
Calculate the greatest common factor of 107991 and 27264.
213
What is the greatest common divisor of 6281 and 23355613?
571
Calculate the highest common factor of 53751 and 77349.
1311
What is the highest common divisor of 3991872 and 29376?
3264
Calculate the greatest common divisor of 33325 and 16218611.
1333
Calculate the highest common divisor of 786467 and 12243.
583
What is the highest common divisor of 49099 and 24272?
37
Calculate the highest common factor of 432 and 19443032.
8
Calculate the greatest common factor of 15004729 and 41.
41
Calculate the greatest common divisor of 22133553 and 13.
13
Calculate the highest common factor of 134 and 7796455.
67
What is the highest common factor of 7301 and 476917?
49
Calculate the highest common divisor of 213745 and 5892635.
1085
Calculate the greatest common factor of 1693248 and 1728.
192
Calculate the greatest common factor of 14910 and 83090.
70
Calculate the highest common divisor of 96408 and 2839824.
936
What is the highest common factor of 364302 and 743373?
4923
What is the greatest common divisor of 1098 and 133380648?
1098
What is the highest common factor of 10092495 and 4155?
4155
What is the highest common factor of 3839035 and 738?
41
What is the greatest common divisor of 14576 and 29555573?
911
What is the greatest common divisor of 90972 and 75069?
171
What is the highest common factor of 41036772 and 33139?
1069
What is the highest common factor of 14081884 and 4012?
236
Calculate the greatest common factor of 59 and 1119219852.
59
Calculate the highest common divisor of 81235 and 8407.
7
Calculate the highest common divisor of 6 and 226278771.
3
What is the highest common factor of 520 and 45079580?
260
Calculate the highest common factor of 5923700 and 1400.
100
Calculate the highest common divisor of 7567992 and 257040.
3672
What is the highest common divisor of 6061875 and 1855?
265
What is the greatest common divisor of 54 and 82445730?
6
Calculate the greatest common factor of 1362 and 24974313.
681
Calculate the greatest common divisor of 6298455 and 83.
83
What is the greatest common factor of 193499 and 160742?
179
What is the highest common divisor of 176917 and 745147?
403
What is the highest common divisor of 504 and 3752343?
63
What is the highest common divisor of 242608 and 1616?
16
Calculate the highest common factor of 43970160 and 3640.
520
Calculate the greatest common divisor of 296580 and 60.
60
Calculate the greatest common factor of 20484618 and 1232.
154
What is the greatest common divisor of 1688688 and 71424?
144
Calculate the greatest common factor of 897 and 9335677.
299
What is the greatest common divisor of 76 and 316400312?
76
What is the highest common factor of 556729663 and 7?
7
What is the highest common divisor of 13954934 and 14?
14
Calculate the highest common factor of 7285780 and 260.
20
Calculate the greatest common factor of 4445785 and 871.
67
Calculate the greatest common divisor of 5467 and 24637.
71
Calculate the highest common factor of 37 and 241639.
1
What is the greatest common factor of 7019369 and 63?
7
What is the highest common factor of 559 and 155194?
13
What is the highest common divisor of 31804705 and 255?
85
Calculate the highest common divisor of 31807 and 22491.
17
What is the greatest common divisor of 20899200 and 24?
24
Calculate the greatest common factor of 23960320 and 1280.
1280
Calculate the highest common factor of 4873 and 954943.
11
What is the greatest common factor of 2089955 and 15?
5
Calculate the highest common divisor of 2911 and 799541.
41
Calculate the highest common factor of 361984 and 591456.
3232
What is the highest common divisor of 1368194544 and 5508?
1836
What is the highest common factor of 8262 and 1026918?
486
What is the greatest common factor of 10077084 and 36?
36
What is the greatest common divisor of 29361 and 9066?
3
What is the greatest common factor of 20988 and 43180478?
1166
Calculate the highest common factor of 20396638 and 219.
73
Calculate the highest common factor of 7504316 and 741.
19
What is the highest common factor of 237112 and 79776?
2216
What is the greatest common factor of 15 and 9484795?
5
Calculate the greatest common divisor of 20940000 and 2300.
100
Calculate the greatest common factor of 43097614 and 42.
14
What is the greatest common factor of 32589425 and 85?
85
Calculate the highest common factor of 7616 and 6307.
119
Calculate the greatest common divisor of 9563820 and 417480.
2940
Calculate the highest common divisor of 550338 and 12261.
201
What is the highest common divisor of 10 and 2473688?
2
Calculate the greatest common factor of 1104 and 7846044.
12
Calculate the highest common divisor of 39189293 and 316.
79
Calculate the highest common divisor of 37746 and 111374.
466
What is the highest common divisor of 2035 and 17845285?
185
What is the greatest common divisor of 25288641 and 42?
21
Calculate the greatest common factor of 4743384 and 168.
24
Calculate the highest common factor of 1652391 and 4414293.
3393
Calculate the greatest common factor of 3056 and 26223536.
3056
What is the greatest common divisor of 32713800 and 5425?
175
What is the greatest common divisor of 17 and 439849942?
17
What is the greatest common divisor of 929040 and 5328?
48
What is the highest common factor of 2048001436 and 5668?
5668
What is the highest common factor of 283816527 and 4852?
1213